 = 0, 2*l + 0*l = -w*h + 2. Calculate the highest common factor of h and 44.
4
Let k(b) = 4*b**2 - 13*b - 6. Let y be k(5). Calculate the greatest common divisor of 1 and y.
1
Let b be 1/(-15) - 60025/(-375). What is the greatest common factor of 30 and b?
10
Suppose -4*s - s - 4*z - 112 = 0, -3*s - 69 = 3*z. Let c be (-1110)/s + (-2)/(-4). Suppose 2*m + 0*m - 14 = 0. Calculate the greatest common divisor of m and c.
7
Let u be (4 - 19) + 3 - -2. Let f = u - -12. Let g be (-8)/(-10)*5/f. What is the greatest common divisor of 10 and g?
2
Suppose 0*k + 3*k = 6. Suppose 0 = k*w + 4 - 12. Suppose w*s + 4*d - 24 = 0, s = 3*d - d - 3. What is the highest common factor of 6 and s?
3
Let k be (0/(-1))/(0 + -2). Suppose 3*l = -k*l + 144. Let a = 120 - l. Calculate the greatest common divisor of a and 8.
8
Let o = 20 + 8. Calculate the highest common divisor of o and 140.
28
Suppose -5*m - 3*u = -26, -2*u = -4*m - 3*u + 18. Suppose 0 = m*d + d - 10. Let f = 62 - 40. Calculate the highest common divisor of d and f.
2
Let c = -255 - -261. What is the greatest common factor of c and 62?
2
Suppose -10 = -3*v - 4*m + 2*m, 0 = -4*v + 2*m + 18. Suppose 4*n = n - 3*y + 468, -2*n + 300 = -v*y. What is the greatest common divisor of 22 and n?
22
Let s(a) = -a**2 + a - 188. Let p be s(0). Let q = 349 + p. Let j = 36 - 13. Calculate the highest common divisor of j and q.
23
Let w(k) be the second derivative of -k**5/20 - 17*k**4/12 - 3*k**3 - 23*k**2/2 + 10*k. Let o be w(-16). Calculate the greatest common factor of o and 3.
3
Let l = 5 - -65. What is the highest common factor of l and 20?
10
Suppose -32*i - 10 = -42*i. Suppose -4*d - 14 = -6*d. What is the highest common divisor of i and d?
1
Let m be (-1507)/(-33) - ((-2)/6 - 0). What is the highest common factor of 322 and m?
46
Let c be (0 - 1)*4/(-4). Let d be (11 - 9)/(((-10)/(-4))/5). What is the highest common factor of c and d?
1
Let y(h) = h + 22. Let f be y(-12). Let q = f + -9. Let p(a) = 39*a. Let g be p(q). Calculate the greatest common divisor of 13 and g.
13
Let j(a) = a**3 - 11*a**2 - 5*a - 12. Let v be j(12). What is the greatest common factor of v and 16?
8
Suppose 428 = -3*v + 77. Let c = v - -237. What is the highest common divisor of 15 and c?
15
Suppose 5*i = 5*q + 240, -2*i + 4*q + 139 = i. Let r = i - 8. Let u be (32/(-48))/(17/(-15) + 1). What is the highest common factor of u and r?
5
Let a be (-1)/(5/(-85))*7. Calculate the highest common divisor of a and 17.
17
Suppose 11*h - 2207 = 12148. What is the highest common divisor of 45 and h?
45
Suppose 0 = -y - 2*l + 1523, -3*y + 4111 = -3*l - 503. Calculate the highest common factor of y and 21.
21
Let y be (5/(-3))/((-14)/588). Calculate the greatest common factor of 560 and y.
70
Let w be (-22)/(-5) + (-2)/5. Let u = -22 - -22. Suppose -w*i - i + 105 = u. Calculate the greatest common divisor of i and 3.
3
Suppose 46*v + 416 = 54*v. What is the greatest common factor of v and 572?
52
Let t(y) = 4*y**2 + 4*y - 9. Let u be t(-4). Let f = -23 - -49. Calculate the highest common factor of f and u.
13
Suppose -48 - 56 = -2*z + 4*x, -220 = -4*z + 4*x. What is the highest common factor of 87 and z?
29
Let v be (-8)/((-136)/(-48) - 3). What is the greatest common factor of v and 168?
24
Let t = 132 + -86. Suppose 2*s - t = -14. Calculate the greatest common divisor of 176 and s.
16
Suppose 4*z = -l + 20, 3*l + 5*z = 21 + 4. Suppose l = -50*w + 52*w - 480. What is the greatest common divisor of w and 30?
30
Let t(g) = -g**3 - 2*g**2 - g. Let v be 2/5 + 36/(-15). Let h be t(v). Let n be ((-21)/h)/(15/(-80)). Calculate the greatest common factor of n and 7.
7
Suppose z + s = 3*s + 36, s = -2*z + 47. Let w be (-2)/4 - 1045/(-10). What is the highest common divisor of z and w?
26
Suppose 2*u = -4*w + 44, 0 = -259*w + 258*w + 5*u + 22. Calculate the highest common divisor of w and 36.
12
Suppose -7*w = 8*w - 1425. Let a = w - 68. Calculate the highest common factor of 3 and a.
3
Let l be -39*(-4)/((-108)/(-531)). Calculate the highest common factor of l and 59.
59
Suppose 4 = -2*u - 4. Let f be u/(-6) - 508/(-12). Let y = -8 + f. Calculate the greatest common factor of y and 7.
7
Suppose 4*d + 3*h - 7843 = 0, 0 = d - 20*h + 24*h - 1964. Calculate the highest common factor of 70 and d.
70
Suppose 3*z - 5*n + 3 = -n, 0 = 3*z + 4*n - 21. Calculate the greatest common divisor of z and 96.
3
Let u = 24 + -9. Suppose -3*n + a = -27 - 156, 0 = 2*n + 4*a - 108. Calculate the highest common factor of n and u.
15
Let c = -397 - -649. Suppose -6*p + 11*p - 136 = -2*g, 2*g = -4. Calculate the greatest common divisor of c and p.
28
Let q(s) = 10*s**2 + 4*s - 1. Let r be q(-3). Let u(d) = 4*d**2 + 69*d - 32. Let j be u(-18). Calculate the highest common factor of r and j.
11
Let j(r) = -15*r**3 + 3*r**2 + 6*r + 6. Let g be j(-2). Calculate the greatest common divisor of 168 and g.
42
Let f = -38 + 39. Let s = 22 - f. Calculate the highest common factor of 21 and s.
21
Let k(s) = -s**2 + 2*s - 15. Let v be k(7). Let n = v - -58. What is the highest common factor of 64 and n?
8
Let c be ((-2)/2)/((-5)/10500*5). Calculate the highest common divisor of c and 15.
15
Let p(q) = q**3 + 5*q**2 + 7*q + 5. Let a be p(-4). Let x(l) = -l**2 - 9*l - 7. Let y be x(a). What is the highest common divisor of 7 and y?
7
Let t be -3 + (-75)/(-20) + 13/4. Suppose t*a = k - 104, 4*k + 6*a - 3*a = 416. What is the greatest common divisor of 13 and k?
13
Suppose 0 = 13*j - 10*j - 1968. What is the greatest common divisor of 48 and j?
16
Suppose -3*u + 13 - 1 = 0. Suppose 5*b - 20 = 4*b + 2*p, 0 = 4*b - 3*p - 60. What is the greatest common factor of u and b?
4
Let b be (63/(-28))/((-4)/16). Let f be (-4)/16 - (-30)/24. What is the greatest common factor of f and b?
1
Let q be 89 + (-2*2 - -2). Let s = q - -49. Let r(v) = -13*v - 22. Let d be r(-3). What is the greatest common factor of s and d?
17
Let b(t) = 7*t**3 - 3*t**2 - t + 2. Let j be b(2). Calculate the highest common factor of 4 and j.
4
Let s(n) = n**2 + 52*n + 543. Let i be s(-38). What is the highest common divisor of 1375 and i?
11
Let f = 211 - -83. Calculate the greatest common divisor of f and 49.
49
Suppose 0 = -3*a - 4*z + 287, 5*a - 348 = -5*z + 127. What is the greatest common divisor of a and 248?
31
Let d(k) = -k. Let f(g) = g**2 - 14*g + 11. Let u(i) = -4*d(i) - f(i). Let j be u(16). Calculate the highest common factor of 63 and j.
21
Suppose -16*c + 15*c + 16 = 3*v, -4*v = -c - 5. Calculate the greatest common divisor of 896 and c.
7
Let t(i) = 3*i**2 + i + 1. Let l(b) = 4*b**2 + b. Let f(k) = 4*l(k) - 5*t(k). Let v be f(4). What is the greatest common factor of v and 35?
7
Let b = -2579 + 2689. Calculate the highest common divisor of 3520 and b.
110
Suppose 18*r - 16675 = -11*r. What is the greatest common factor of 23 and r?
23
Let j be 1 - (-5 - -3 - 1). Let k = 300 + -280. What is the highest common factor of k and j?
4
Let k = 37 + -48. Let f = k - -33. What is the greatest common factor of 242 and f?
22
Let t be -6 - (-58 + 2) - 8. Calculate the highest common divisor of 112 and t.
14
Let g be (792/60)/((-4)/(240/(-18))). Calculate the highest common divisor of 308 and g.
44
Let r(u) = -u**2 + 5*u - 1. Let l be r(6). Let a(q) = -q + 4. Let b be a(l). Let x = 75 + 2. Calculate the greatest common divisor of b and x.
11
Suppose 0 = -2*u + 2*b + 8, -20*b = -21*b. What is the greatest common factor of 202 and u?
2
Let r(d) = 4*d + 139. Let b be r(-22). Calculate the highest common divisor of 85 and b.
17
Suppose -5*u - 152 - 573 = -5*c, -2*u = -3*c + 430. Let j(a) = -a**3 - 4*a**2 - a - 2. Let k be j(-5). What is the highest common factor of c and k?
28
Suppose -182 = 2*c - 9*c. Suppose 0*j - j - 5*v = -6, -j + 2*v = 22. Let f = c + j. Calculate the greatest common divisor of f and 6.
6
Let q = 2 - 0. Suppose q*z - 60 = -5*s - z, 10 = -2*z. Calculate the highest common divisor of s and 45.
15
Suppose -32 = -3*n - n. Suppose 8*z + 5*o - 119 = 7*z, -5*z - 2*o = -710. Suppose -2*c = -8*c + z. What is the greatest common factor of n and c?
8
Suppose -2*q - 21 = -5*q. Let r(f) = 2*f**3 - 2*f**2 - 5*f + 8. Let x be r(q). Let o be 4*(-4)/(-48)*x. What is the greatest common divisor of o and 17?
17
Let i = -7 + 11.